hat is the ten thousands digit of 365469922?
6
What is the ten thousands digit of 341004898?
0
What is the ten millions digit of 4072080224?
7
What is the thousands digit of 82444012?
4
What is the units digit of 46361757?
7
What is the hundred millions digit of 304798437?
3
What is the ten thousands digit of 646850539?
5
What is the units digit of 2663120978?
8
What is the units digit of 1034952015?
5
What is the millions digit of 241692647?
1
What is the units digit of 804604916?
6
What is the tens digit of 74887458?
5
What is the tens digit of 141844786?
8
What is the millions digit of 110244804?
0
What is the ten millions digit of 12288553?
1
What is the ten thousands digit of 2672543711?
4
What is the billions digit of 1635312929?
1
What is the hundred millions digit of 325052609?
3
What is the ten millions digit of 77591399?
7
What is the units digit of 264938622?
2
What is the tens digit of 1757517178?
7
What is the ten thousands digit of 263167187?
6
What is the units digit of 44527486?
6
What is the tens digit of 2100107375?
7
What is the thousands digit of 3266599997?
9
What is the hundred millions digit of 1112354284?
1
What is the units digit of 54342215?
5
What is the units digit of 220324729?
9
What is the ten thousands digit of 4463024006?
2
What is the millions digit of 1261234463?
1
What is the ten millions digit of 53799958?
5
What is the tens digit of 1002925852?
5
What is the thousands digit of 226281704?
1
What is the hundred thousands digit of 832876489?
8
What is the ten thousands digit of 153188982?
8
What is the tens digit of 145540996?
9
What is the hundred thousands digit of 1860689241?
6
What is the hundreds digit of 203409713?
7
What is the billions digit of 3960874030?
3
What is the thousands digit of 616234813?
4
What is the hundreds digit of 949946832?
8
What is the hundred thousands digit of 211075398?
0
What is the ten thousands digit of 235736231?
3
What is the hundreds digit of 218198542?
5
What is the hundreds digit of 198094154?
1
What is the hundred millions digit of 326161727?
3
What is the ten thousands digit of 101807749?
0
What is the ten thousands digit of 5613070702?
7
What is the millions digit of 28646489?
8
What is the tens digit of 715566625?
2
What is the billions digit of 1021347054?
1
What is the ten thousands digit of 155143805?
4
What is the ten thousands digit of 176581774?
8
What is the hundred thousands digit of 3873364927?
3
What is the tens digit of 243306568?
6
What is the hundred thousands digit of 24829982?
8
What is the ten millions digit of 57983131?
5
What is the hundreds digit of 80458688?
6
What is the units digit of 41141319?
9
What is the tens digit of 4106731124?
2
What is the ten millions digit of 554150887?
5
What is the millions digit of 160848601?
0
What is the units digit of 62864501?
1
What is the millions digit of 32515435?
2
What is the millions digit of 571661807?
1
What is the ten thousands digit of 209556341?
5
What is the ten thousands digit of 91547053?
4
What is the tens digit of 1632504988?
8
What is the millions digit of 1103570838?
3
What is the hundred thousands digit of 131058213?
0
What is the hundred millions digit of 808396152?
8
What is the millions digit of 72810566?
2
What is the thousands digit of 21683889?
3
What is the hundreds digit of 3762729430?
4
What is the tens digit of 292933905?
0
What is the millions digit of 219204579?
9
What is the hundred millions digit of 929886068?
9
What is the hundreds digit of 431387899?
8
What is the units digit of 25947136?
6
What is the thousands digit of 136685807?
5
What is the units digit of 201900719?
9
What is the hundreds digit of 69882387?
3
What is the hundreds digit of 128261597?
5
What is the ten millions digit of 313291983?
1
What is the millions digit of 257261263?
7
What is the ten thousands digit of 65911169?
1
What is the units digit of 34283278?
8
What is the hundred thousands digit of 147571937?
5
What is the hundreds digit of 1933695?
6
What is the units digit of 150213649?
9
What is the hundreds digit of 1021289587?
5
What is the ten thousands digit of 50000773?
0
What is the hundred thousands digit of 3669543740?
5
What is the ten millions digit of 1728180332?
2
What is the units digit of 492653481?
1
What is the ten thousands digit of 400377891?
7
What is the millions digit of 729155387?
9
What is the hundred thousands digit of 2367268536?
2
What is the ten thousands digit of 77278795?
7
What is the hundred thousands digit of 18382402?
3
What is the ten thousands digit of 1623169977?
6
What is the tens digit of 93667414?
1
What is the thousands digit of 27996479?
6
What is the ten millions digit of 151537374?
5
What is the hundreds digit of 37486653?
6
What is the thousands digit of 58671367?
1
What is the tens digit of 412977442?
4
What is the millions digit of 152607787?
2
What is the hundred thousands digit of 846170126?
1
What is the millions digit of 1327866002?
7
What is the millions digit of 33188319?
3
What is the tens digit of 96177788?
8
What is the millions digit of 117004537?
7
What is the hundred thousands digit of 1446086646?
0
What is the thousands digit of 66522554?
2
What is the millions digit of 1081749798?
1
What is the hundreds digit of 34606586?
5
What is the hundred millions digit of 346564889?
3
What is the ten thousands digit of 1800570528?
7
What is the millions digit of 71871479?
1
What is the tens digit of 43345528?
2
What is the hundreds digit of 124412939?
9
What is the hundreds digit of 1443950226?
2
What is the hundreds digit of 182372755?
7
What is the thousands digit of 2593041943?
1
What is the hundred thousands digit of 31208613?
2
What is the millions digit of 115117607?
5
What is the hundred thousands digit of 419224785?
2
What is the units digit of 176594555?
5
What is the tens digit of 37915969?
6
What is the tens digit of 3678495139?
3
What is the hundred millions digit of 120093533?
1
What is the hundreds digit of 2154528?
5
What is the millions digit of 714829818?
4
What is the ten millions digit of 110074344?
1
What is the hundreds digit of 2758176200?
2
What is the hundreds digit of 1955195168?
1
What is the tens digit of 480678768?
6
What is the ten thousands digit of 108810595?
1
What is the thousands digit of 24148655?
8
What is the thousands digit of 149887617?
7
What is the thousands digit of 197268776?
8
What is the millions digit of 550023319?
0
What is the hundred thousands digit of 1056550021?
5
What is the millions digit of 1930525562?
0
What is the units digit of 371729292?
2
What is the thousands digit of 176284855?
4
What is the thousands digit of 2436909618?
9
What is the hundreds digit of 627569759?
7
What is the tens digit of 1414928349?
4
What is the hundred millions digit of 213136095?
2
What is the ten thousands digit of 46443585?
4
What is the hundred thousands digit of 4342190514?
1
What is the hundred millions digit of 466352129?
4
What is the tens digit of 5088802?
0
What is the hundred thousands digit of 53693240?
6
What is the thousands digit of 60654800?
4
What is the millions digit of 1405879617?
5
What is the thousands digit of 1715271629?
1
What is the hundred thousands digit of 4752312678?
3
What is the units digit of 28574518?
8
What is the ten millions digit of 5437031008?
3
What is the hundred thousands digit of 851334812?
3
What is the hundred thousands digit of 299799677?
7
What is the tens digit of 310057381?
8
What is the hundreds digit of 372335506?
5
What is the tens digit of 244216709?
0
What is the hundreds digit of 605713328?
3
What is the millions digit of 32564308?
2
What is the tens digit of 1850782087?
8
What is the hundreds digit of 125622316?
3
What is the ten millions digit of 272883327?
7
What is the units digit of 2802113091?
1
What is the units digit of 33388809?
9
What is the units digit of 92655101?
1
What is the tens digit of 84427952?
5
What is the ten thousands digit of 4129444674?
4
What is the millions digit of 193686745?
3
What is the tens digit of 90929895?
9
What is the ten thousands digit of 90795841?
9
What is the ten thousands digit of 16992303?
9
What is the tens digit of 25999814?
1
What is the tens digit of 72741333?
3
What is the tens digit of 70382068?
6
What is the ten mil